Last updated on 2025-10-24 09:50:18 CEST.
| Flavor | Version | Tinstall | Tcheck | Ttotal | Status | Flags |
|---|---|---|---|---|---|---|
| r-devel-linux-x86_64-debian-clang | 0.2-8 | 2.91 | 32.07 | 34.98 | NOTE | |
| r-devel-linux-x86_64-debian-gcc | 0.2-8 | 2.31 | 24.43 | 26.74 | OK | |
| r-devel-linux-x86_64-fedora-clang | 0.2-8 | 52.06 | OK | |||
| r-devel-linux-x86_64-fedora-gcc | 0.2-8 | 49.76 | OK | |||
| r-devel-windows-x86_64 | 0.2-8 | 4.00 | 50.00 | 54.00 | OK | |
| r-patched-linux-x86_64 | 0.2-8 | 3.53 | 30.50 | 34.03 | OK | |
| r-release-linux-x86_64 | 0.2-8 | 2.90 | 30.02 | 32.92 | OK | |
| r-release-macos-arm64 | 0.2-8 | 2.00 | 18.00 | 20.00 | OK | |
| r-release-macos-x86_64 | 0.2-8 | 2.00 | 32.00 | 34.00 | OK | |
| r-release-windows-x86_64 | 0.2-8 | 4.00 | 53.00 | 57.00 | OK | |
| r-oldrel-macos-arm64 | 0.2-8 | 1.00 | 18.00 | 19.00 | OK | |
| r-oldrel-macos-x86_64 | 0.2-8 | 3.00 | 38.00 | 41.00 | OK | |
| r-oldrel-windows-x86_64 | 0.2-8 | 4.00 | 58.00 | 62.00 | OK |
Version: 0.2-8
Check: HTML version of manual
Result: NOTE
Found the following HTML validation problems:
estThetaRow.html:64:1 (estThetaRow.Rd:23): Warning: missing </ul> before </div>
Flavor: r-devel-linux-x86_64-debian-clang