Last updated on 2025-11-01 08:49:55 CET.
| Flavor | Version | Tinstall | Tcheck | Ttotal | Status | Flags |
|---|---|---|---|---|---|---|
| r-devel-linux-x86_64-debian-clang | 1.2.0 | 37.65 | 533.22 | 570.87 | NOTE | |
| r-devel-linux-x86_64-debian-gcc | 1.2.0 | 26.07 | 357.01 | 383.08 | NOTE | |
| r-devel-linux-x86_64-fedora-clang | 1.2.0 | 79.00 | 801.16 | 880.16 | NOTE | |
| r-devel-linux-x86_64-fedora-gcc | 1.2.0 | 154.00 | 768.60 | 922.60 | NOTE | |
| r-devel-windows-x86_64 | 1.2.0 | 38.00 | 464.00 | 502.00 | NOTE | |
| r-patched-linux-x86_64 | 1.2.0 | 34.90 | 504.38 | 539.28 | NOTE | |
| r-release-linux-x86_64 | 1.2.0 | 36.68 | 497.68 | 534.36 | NOTE | |
| r-release-macos-arm64 | 1.2.0 | 16.00 | 183.00 | 199.00 | NOTE | |
| r-release-macos-x86_64 | 1.2.0 | 30.00 | 412.00 | 442.00 | OK | |
| r-release-windows-x86_64 | 1.2.0 | 40.00 | 461.00 | 501.00 | NOTE | |
| r-oldrel-macos-arm64 | 1.2.0 | 16.00 | 197.00 | 213.00 | NOTE | |
| r-oldrel-macos-x86_64 | 1.2.0 | 32.00 | 389.00 | 421.00 | NOTE | |
| r-oldrel-windows-x86_64 | 1.2.0 | 49.00 | 595.00 | 644.00 | NOTE |
Version: 1.2.0
Check: DESCRIPTION meta-information
Result: NOTE
Missing dependency on R >= 4.1.0 because package code uses the pipe
|> or function shorthand \(...) syntax added in R 4.1.0.
File(s) using such syntax:
‘gtable_ld_associations_combine.Rd’ ‘gtable_ld_grobs.Rd’
Flavors: r-devel-linux-x86_64-debian-clang, r-devel-linux-x86_64-debian-gcc, r-devel-linux-x86_64-fedora-clang, r-devel-linux-x86_64-fedora-gcc, r-devel-windows-x86_64, r-patched-linux-x86_64, r-release-linux-x86_64, r-release-macos-arm64, r-release-windows-x86_64
Version: 1.2.0
Check: installed package size
Result: NOTE
installed size is 5.6Mb
sub-directories of 1Mb or more:
doc 4.2Mb
Flavors: r-oldrel-macos-arm64, r-oldrel-macos-x86_64, r-oldrel-windows-x86_64