Last updated on 2025-10-31 08:50:28 CET.
| Flavor | Version | Tinstall | Tcheck | Ttotal | Status | Flags | 
|---|---|---|---|---|---|---|
| r-devel-linux-x86_64-debian-clang | 1.2.0 | 4.23 | 68.43 | 72.66 | NOTE | |
| r-devel-linux-x86_64-debian-gcc | 1.2.0 | 2.92 | 50.95 | 53.87 | NOTE | |
| r-devel-linux-x86_64-fedora-clang | 1.2.0 | 105.01 | NOTE | |||
| r-devel-linux-x86_64-fedora-gcc | 1.2.0 | 10.00 | 105.64 | 115.64 | NOTE | |
| r-devel-windows-x86_64 | 1.2.0 | 5.00 | 108.00 | 113.00 | NOTE | |
| r-patched-linux-x86_64 | 1.2.0 | 4.57 | 66.47 | 71.04 | NOTE | |
| r-release-linux-x86_64 | 1.2.0 | 4.04 | 65.99 | 70.03 | NOTE | |
| r-release-macos-arm64 | 1.2.0 | 2.00 | 54.00 | 56.00 | NOTE | |
| r-release-macos-x86_64 | 1.2.0 | 3.00 | 82.00 | 85.00 | NOTE | |
| r-release-windows-x86_64 | 1.2.0 | 6.00 | 110.00 | 116.00 | NOTE | |
| r-oldrel-macos-arm64 | 1.2.0 | 2.00 | 45.00 | 47.00 | OK | |
| r-oldrel-macos-x86_64 | 1.2.0 | 3.00 | 59.00 | 62.00 | OK | |
| r-oldrel-windows-x86_64 | 1.2.0 | 7.00 | 122.00 | 129.00 | OK | 
Version: 1.2.0
Check: DESCRIPTION meta-information
Result: NOTE
    Missing dependency on R >= 4.1.0 because package code uses the pipe
    |> or function shorthand \(...) syntax added in R 4.1.0.
    File(s) using such syntax:
      ‘PowerRelation.R’ ‘SocialRanking.R’ ‘copeland.R’ ‘doRanking.Rd’
      ‘elementLookup.Rd’ ‘generator.R’ ‘makePowerRelationMonotonic.R’
Flavors: r-devel-linux-x86_64-debian-clang, r-devel-linux-x86_64-debian-gcc, r-devel-linux-x86_64-fedora-clang, r-devel-linux-x86_64-fedora-gcc, r-devel-windows-x86_64, r-patched-linux-x86_64, r-release-linux-x86_64, r-release-macos-arm64, r-release-macos-x86_64, r-release-windows-x86_64