Last updated on 2025-10-21 09:48:48 CEST.
Flavor | Version | Tinstall | Tcheck | Ttotal | Status | Flags |
---|---|---|---|---|---|---|
r-devel-linux-x86_64-debian-clang | 0.4.4.7 | 148.20 | 333.20 | 481.40 | OK | |
r-devel-linux-x86_64-debian-gcc | 0.4.4.7 | 105.40 | 219.84 | 325.24 | NOTE | |
r-devel-linux-x86_64-fedora-clang | 0.4.4.7 | 564.26 | OK | |||
r-devel-linux-x86_64-fedora-gcc | 0.4.4.7 | 771.65 | OK | |||
r-devel-windows-x86_64 | 0.4.4.7 | 173.00 | 309.00 | 482.00 | OK | |
r-patched-linux-x86_64 | 0.4.4.7 | 160.33 | 295.48 | 455.81 | OK | |
r-release-linux-x86_64 | 0.4.4.7 | 163.47 | 293.48 | 456.95 | OK | |
r-release-macos-arm64 | 0.4.4.7 | 180.00 | OK | |||
r-release-macos-x86_64 | 0.4.4.7 | 333.00 | OK | |||
r-release-windows-x86_64 | 0.4.4.7 | 159.00 | 308.00 | 467.00 | OK | |
r-oldrel-macos-arm64 | 0.4.4.7 | 178.00 | NOTE | |||
r-oldrel-macos-x86_64 | 0.4.4.7 | 317.00 | NOTE | |||
r-oldrel-windows-x86_64 | 0.4.4.7 | 206.00 | 406.00 | 612.00 | NOTE |
Version: 0.4.4.7
Check: HTML version of manual
Result: NOTE
Found the following HTML validation problems:
adaptive_bw_1d.html:58:1 (adaptive_bw_1d.Rd:16): Warning: missing </ul> before </div>
cosine_kernel_cpp.html:50:1 (cosine_kernel_cpp.Rd:12): Warning: missing </ul> before </div>
cosine_kernelos.html:50:1 (cosine_kernelos.Rd:12): Warning: missing </ul> before </div>
cross_gfunc_cpp.html:82:1 (cross_gfunc_cpp.Rd:28): Warning: missing </ul> before </div>
cross_kfunc_cpp.html:78:1 (cross_kfunc_cpp.Rd:26): Warning: missing </ul> before </div>
epanechnikov_kernel_cpp.html:50:1 (epanechnikov_kernel_cpp.Rd:12): Warning: missing </ul> before </div>
epanechnikov_kernelos.html:50:1 (epanechnikov_kernelos.Rd:12): Warning: missing </ul> before </div>
g_nt_func_cpp.html:109:1 (g_nt_func_cpp.Rd:49): Warning: missing </ul> before </div>
gaussian_kernel_cpp.html:50:1 (gaussian_kernel_cpp.Rd:12): Warning: missing </ul> before </div>
gaussian_kernel_scaled_cpp.html:50:1 (gaussian_kernel_scaled_cpp.Rd:12): Warning: missing </ul> before </div>
gaussian_kernel_scaledos.html:50:1 (gaussian_kernel_scaledos.Rd:12): Warning: missing </ul> before </div>
gaussian_kernelos.html:50:1 (gaussian_kernelos.Rd:12): Warning: missing </ul> before </div>
k_nt_func_cpp.html:155:1 (k_nt_func_cpp.Rd:89): Warning: missing </ul> before </div>
quartic_kernel_cpp.html:62:1 (quartic_kernel_cpp.Rd:19): Warning: missing </ul> before </div>
quartic_kernelos.html:50:1 (quartic_kernelos.Rd:12): Warning: missing </ul> before </div>
triangle_kernel_cpp.html:50:1 (triangle_kernel_cpp.Rd:12): Warning: missing </ul> before </div>
triangle_kernelos.html:50:1 (triangle_kernelos.Rd:12): Warning: missing </ul> before </div>
tricube_kernel_cpp.html:50:1 (tricube_kernel_cpp.Rd:12): Warning: missing </ul> before </div>
tricube_kernelos.html:50:1 (tricube_kernelos.Rd:12): Warning: missing </ul> before </div>
triweight_kernel_cpp.html:50:1 (triweight_kernel_cpp.Rd:12): Warning: missing </ul> before </div>
triweight_kernelos.html:50:1 (triweight_kernelos.Rd:12): Warning: missing </ul> before </div>
uniform_kernel_cpp.html:50:1 (uniform_kernel_cpp.Rd:12): Warning: missing </ul> before </div>
uniform_kernelos.html:50:1 (uniform_kernelos.Rd:12): Warning: missing </ul> before </div>
Flavor: r-devel-linux-x86_64-debian-gcc
Version: 0.4.4.7
Check: installed package size
Result: NOTE
installed size is 17.7Mb
sub-directories of 1Mb or more:
doc 1.0Mb
extdata 2.6Mb
libs 12.6Mb
Flavors: r-oldrel-macos-arm64, r-oldrel-macos-x86_64, r-oldrel-windows-x86_64