Last updated on 2025-10-20 09:49:43 CEST.
Flavor | Version | Tinstall | Tcheck | Ttotal | Status | Flags |
---|---|---|---|---|---|---|
r-release-macos-arm64 | 0.5-4 | 112.00 | NOTE | |||
r-release-macos-x86_64 | 0.5-4 | 240.00 | NOTE | |||
r-oldrel-macos-arm64 | 0.5-4 | 112.00 | NOTE | |||
r-oldrel-macos-x86_64 | 0.5-4 | 180.00 | NOTE |
Version: 0.5-4
Check: Rd files
Result: NOTE
checkRd: (-1) australia.Rd:15: Lost braces in \itemize; meant \describe ?
checkRd: (-1) australia.Rd:16: Lost braces in \itemize; meant \describe ?
checkRd: (-1) australia.Rd:17: Lost braces in \itemize; meant \describe ?
checkRd: (-1) australia.Rd:18: Lost braces in \itemize; meant \describe ?
checkRd: (-1) australia.Rd:19: Lost braces in \itemize; meant \describe ?
Flavors: r-release-macos-arm64, r-release-macos-x86_64, r-oldrel-macos-arm64, r-oldrel-macos-x86_64