Last updated on 2025-10-19 09:49:44 CEST.
Flavor | Version | Tinstall | Tcheck | Ttotal | Status | Flags |
---|---|---|---|---|---|---|
r-devel-linux-x86_64-debian-clang | 0.2.2 | 100.10 | 22.29 | 122.39 | OK | |
r-devel-linux-x86_64-debian-gcc | 0.2.2 | 78.21 | 18.49 | 96.70 | OK | |
r-devel-linux-x86_64-fedora-clang | 0.2.2 | 195.16 | OK | |||
r-devel-linux-x86_64-fedora-gcc | 0.2.2 | 181.44 | OK | |||
r-devel-windows-x86_64 | 0.2.2 | 158.00 | 59.00 | 217.00 | OK | |
r-patched-linux-x86_64 | 0.2.2 | 99.87 | 21.33 | 121.20 | OK | |
r-release-linux-x86_64 | 0.2.2 | 100.54 | 21.27 | 121.81 | OK | |
r-release-macos-arm64 | 0.2.2 | 88.00 | OK | |||
r-release-macos-x86_64 | 0.2.2 | 59.00 | OK | |||
r-release-windows-x86_64 | 0.2.2 | 157.00 | 61.00 | 218.00 | OK | |
r-oldrel-macos-arm64 | 0.2.2 | 65.00 | OK | |||
r-oldrel-macos-x86_64 | 0.2.2 | 69.00 | OK | |||
r-oldrel-windows-x86_64 | 0.2.2 | 194.00 | 10.00 | 204.00 | ERROR |
Version: 0.2.2
Check: whether package can be installed
Result: ERROR
Installation failed.
Flavor: r-oldrel-windows-x86_64