CRAN Package Check Results for Package symphony

Last updated on 2025-11-01 08:49:56 CET.

Flavor Version Tinstall Tcheck Ttotal Status Flags
r-devel-linux-x86_64-debian-clang 0.1.1 40.29 117.67 157.96 WARN
r-devel-linux-x86_64-debian-gcc 0.1.1 28.00 83.90 111.90 WARN
r-devel-linux-x86_64-fedora-clang 0.1.2 81.00 184.39 265.39 OK
r-devel-linux-x86_64-fedora-gcc 0.1.2 221.00 56.59 277.59 OK
r-devel-windows-x86_64 0.1.1 48.00 137.00 185.00 NOTE
r-patched-linux-x86_64 0.1.1 38.52 109.61 148.13 NOTE
r-release-linux-x86_64 0.1.1 41.92 109.87 151.79 NOTE
r-release-macos-arm64 0.1.2 18.00 56.00 74.00 OK
r-release-macos-x86_64 0.1.2 40.00 134.00 174.00 OK
r-release-windows-x86_64 0.1.2 47.00 128.00 175.00 OK
r-oldrel-macos-arm64 0.1.2 19.00 62.00 81.00 OK
r-oldrel-macos-x86_64 0.1.2 40.00 128.00 168.00 OK
r-oldrel-windows-x86_64 0.1.2 60.00 157.00 217.00 OK

Check Details

Version: 0.1.1
Check: whether package can be installed
Result: WARN Found the following significant warnings: /home/hornik/tmp/R.check/r-devel-clang/Work/build/Packages/RcppArmadillo/include/RcppArmadillo/version/arma.h:66:17: warning: Using fallback compilation with Armadillo 14.6.3. Please consider defining -DARMA_USE_CURRENT and also removing C++11 compilation directive. See GitHub issue #475 for more. [-W#pragma-messages] See ‘/home/hornik/tmp/R.check/r-devel-clang/Work/PKGS/symphony.Rcheck/00install.out’ for details. * used C++ compiler: ‘Debian clang version 19.1.7 (7)’ Flavor: r-devel-linux-x86_64-debian-clang

Version: 0.1.1
Check: C++ specification
Result: NOTE Specified C++11: please drop specification unless essential Flavors: r-devel-linux-x86_64-debian-clang, r-devel-linux-x86_64-debian-gcc, r-devel-windows-x86_64, r-patched-linux-x86_64, r-release-linux-x86_64

Version: 0.1.1
Check: whether package can be installed
Result: WARN Found the following significant warnings: /home/hornik/tmp/R.check/r-devel-gcc/Work/build/Packages/RcppArmadillo/include/RcppArmadillo/version/arma.h:66:199: note: ‘#pragma message: Using fallback compilation with Armadillo 14.6.3. Please consider defining -DARMA_USE_CURRENT and also removing C++11 compilation directive. See GitHub issue #475 for more.’ See ‘/home/hornik/tmp/R.check/r-devel-gcc/Work/PKGS/symphony.Rcheck/00install.out’ for details. * used C++ compiler: ‘g++-15 (Debian 15.2.0-4) 15.2.0’ Flavor: r-devel-linux-x86_64-debian-gcc