Last updated on 2025-10-25 09:49:46 CEST.
| Flavor | Version | Tinstall | Tcheck | Ttotal | Status | Flags |
|---|---|---|---|---|---|---|
| r-devel-linux-x86_64-debian-clang | 0.1.2 | 3.85 | 32.84 | 36.69 | OK | |
| r-devel-linux-x86_64-debian-gcc | 0.1.2 | 2.24 | 24.03 | 26.27 | OK | |
| r-devel-linux-x86_64-fedora-clang | 0.1.2 | 16.00 | 42.18 | 58.18 | OK | |
| r-devel-linux-x86_64-fedora-gcc | 0.1.2 | 51.39 | OK | |||
| r-devel-windows-x86_64 | 0.1.2 | 5.00 | 49.00 | 54.00 | OK | |
| r-patched-linux-x86_64 | 0.1.2 | 3.62 | 30.79 | 34.41 | OK | |
| r-release-linux-x86_64 | 0.1.2 | 3.62 | 30.67 | 34.29 | OK | |
| r-release-macos-arm64 | 0.1.2 | 1.00 | 20.00 | 21.00 | OK | |
| r-release-macos-x86_64 | 0.1.2 | 5.00 | 31.00 | 36.00 | OK | |
| r-release-windows-x86_64 | 0.1.2 | 5.00 | 50.00 | 55.00 | OK | |
| r-oldrel-macos-arm64 | 0.1.2 | 2.00 | 18.00 | 20.00 | NOTE | |
| r-oldrel-macos-x86_64 | 0.1.2 | 3.00 | 28.00 | 31.00 | NOTE | |
| r-oldrel-windows-x86_64 | 0.1.2 | 6.00 | 58.00 | 64.00 | NOTE |
Version: 0.1.2
Check: LazyData
Result: NOTE
'LazyData' is specified without a 'data' directory
Flavors: r-oldrel-macos-arm64, r-oldrel-macos-x86_64, r-oldrel-windows-x86_64