Last updated on 2025-10-22 09:50:54 CEST.
Flavor | Version | Tinstall | Tcheck | Ttotal | Status | Flags |
---|---|---|---|---|---|---|
r-devel-linux-x86_64-debian-clang | 0.1.0 | 5.62 | 65.79 | 71.41 | NOTE | |
r-devel-linux-x86_64-debian-gcc | 0.1.0 | 4.39 | 48.34 | 52.73 | NOTE | |
r-devel-linux-x86_64-fedora-clang | 0.1.0 | 25.00 | 88.34 | 113.34 | OK | |
r-devel-linux-x86_64-fedora-gcc | 0.1.0 | 13.00 | 101.50 | 114.50 | OK | |
r-devel-windows-x86_64 | 0.1.0 | 8.00 | 74.00 | 82.00 | OK | |
r-patched-linux-x86_64 | 0.1.0 | 5.55 | 59.22 | 64.77 | OK | |
r-release-linux-x86_64 | 0.1.0 | 5.23 | 58.99 | 64.22 | OK | |
r-release-macos-arm64 | 0.1.0 | 3.00 | 33.00 | 36.00 | OK | |
r-release-macos-x86_64 | 0.1.0 | 4.00 | 57.00 | 61.00 | OK | |
r-release-windows-x86_64 | 0.1.0 | 8.00 | 75.00 | 83.00 | OK | |
r-oldrel-macos-arm64 | 0.1.0 | 2.00 | 32.00 | 34.00 | OK | |
r-oldrel-macos-x86_64 | 0.1.0 | 4.00 | 46.00 | 50.00 | OK | |
r-oldrel-windows-x86_64 | 0.1.0 | 9.00 | 93.00 | 102.00 | OK |
Version: 0.1.0
Check: HTML version of manual
Result: NOTE
Found the following HTML validation problems:
scale_fill_jpregion.html:50:1 (scale_fill_jpregion.Rd:12): Warning: missing </ul> before </div>
theme_tabularmap.html:46:1 (theme_tabularmap.Rd:10): Warning: missing </ul> before </div>
Flavors: r-devel-linux-x86_64-debian-clang, r-devel-linux-x86_64-debian-gcc