Last updated on 2025-10-24 09:50:20 CEST.
| Flavor | Version | Tinstall | Tcheck | Ttotal | Status | Flags |
|---|---|---|---|---|---|---|
| r-devel-linux-x86_64-debian-clang | 1.8-70 | 499.43 | 394.37 | 893.80 | NOTE | |
| r-devel-linux-x86_64-debian-gcc | 1.8-70 | 415.57 | 242.56 | 658.13 | NOTE | |
| r-devel-linux-x86_64-fedora-clang | 1.8-70 | 1320.00 | 321.74 | 1641.74 | OK | |
| r-devel-linux-x86_64-fedora-gcc | 1.8-70 | 720.00 | 1000.76 | 1720.76 | OK | |
| r-devel-windows-x86_64 | 1.8-70 | 543.00 | 900.00 | 1443.00 | OK | |
| r-patched-linux-x86_64 | 1.8-70 | 559.30 | 374.46 | 933.76 | OK | |
| r-release-linux-x86_64 | 1.8-70 | 583.44 | 376.21 | 959.65 | OK | |
| r-release-macos-arm64 | 1.8-70 | 207.00 | 163.00 | 370.00 | OK | |
| r-release-macos-x86_64 | 1.8-70 | 350.00 | 564.00 | 914.00 | OK | |
| r-release-windows-x86_64 | 1.8-70 | 588.00 | 964.00 | 1552.00 | OK | |
| r-oldrel-macos-arm64 | 1.8-70 | 212.00 | 171.00 | 383.00 | NOTE | |
| r-oldrel-macos-x86_64 | 1.8-70 | 343.00 | 499.00 | 842.00 | NOTE | |
| r-oldrel-windows-x86_64 | 1.8-70 | 701.00 | 1277.00 | 1978.00 | NOTE |
Version: 1.8-70
Check: HTML version of manual
Result: NOTE
Found the following HTML validation problems:
deprecated.html:51:1 (deprecated.Rd:19): Warning: missing </ul> before </div>
vector_layers.html:54:1 (vector_layers.Rd:18): Warning: missing </ul> before </div>
Flavor: r-devel-linux-x86_64-debian-clang
Version: 1.8-70
Check: Rd files
Result: NOTE
checkRd: (-1) terra-package.Rd:307-317: Only 2 columns allowed in this table (row 9 has 1)
Flavor: r-devel-linux-x86_64-debian-gcc
Version: 1.8-70
Check: installed package size
Result: NOTE
installed size is 136.1Mb
sub-directories of 1Mb or more:
R 3.0Mb
libs 131.5Mb
Flavors: r-oldrel-macos-arm64, r-oldrel-macos-x86_64, r-oldrel-windows-x86_64