Last updated on 2025-10-21 09:48:49 CEST.
Flavor | Version | Tinstall | Tcheck | Ttotal | Status | Flags |
---|---|---|---|---|---|---|
r-devel-linux-x86_64-debian-clang | 1.2.0 | 28.18 | 70.19 | 98.37 | OK | |
r-devel-linux-x86_64-debian-gcc | 1.2.0 | 17.23 | 50.26 | 67.49 | NOTE | |
r-devel-linux-x86_64-fedora-clang | 1.2.0 | 163.04 | OK | |||
r-devel-linux-x86_64-fedora-gcc | 1.2.0 | 160.41 | OK | |||
r-devel-windows-x86_64 | 1.2.0 | 30.00 | 86.00 | 116.00 | OK | |
r-patched-linux-x86_64 | 1.2.0 | 25.71 | 66.14 | 91.85 | OK | |
r-release-linux-x86_64 | 1.2.0 | 25.43 | 66.04 | 91.47 | OK | |
r-release-macos-arm64 | 1.2.0 | 110.00 | OK | |||
r-release-macos-x86_64 | 1.2.0 | 101.00 | OK | |||
r-release-windows-x86_64 | 1.2.0 | 31.00 | 88.00 | 119.00 | OK | |
r-oldrel-macos-arm64 | 1.2.0 | 56.00 | NOTE | |||
r-oldrel-macos-x86_64 | 1.2.0 | 89.00 | NOTE | |||
r-oldrel-windows-x86_64 | 1.2.0 | 38.00 | 105.00 | 143.00 | NOTE |
Version: 1.2.0
Check: HTML version of manual
Result: NOTE
Found the following HTML validation problems:
get_digest_header.html:58:1 (get_digest_header.Rd:16): Warning: missing </ul> before </div>
read_fs_labels.html:50:1 (read_fs_labels.Rd:12): Warning: missing </ul> before </div>
threeBrain.html:84:1 (threeBrain.Rd:36): Warning: missing </ul> before </div>
Flavor: r-devel-linux-x86_64-debian-gcc
Version: 1.2.0
Check: installed package size
Result: NOTE
installed size is 7.3Mb
sub-directories of 1Mb or more:
R 2.0Mb
threeBrainJS 2.9Mb
Flavors: r-oldrel-macos-arm64, r-oldrel-macos-x86_64, r-oldrel-windows-x86_64