Last updated on 2025-10-24 09:50:22 CEST.
| Flavor | Version | Tinstall | Tcheck | Ttotal | Status | Flags |
|---|---|---|---|---|---|---|
| r-devel-linux-x86_64-debian-clang | 0.1.0 | 2.52 | 41.03 | 43.55 | OK | |
| r-devel-linux-x86_64-debian-gcc | 0.1.0 | 1.80 | 31.89 | 33.69 | OK | |
| r-devel-linux-x86_64-fedora-clang | 0.1.0 | 14.00 | 53.08 | 67.08 | OK | |
| r-devel-linux-x86_64-fedora-gcc | 0.1.0 | 74.55 | OK | |||
| r-devel-windows-x86_64 | 0.1.0 | 4.00 | 117.00 | 121.00 | OK | |
| r-patched-linux-x86_64 | 0.1.0 | 2.47 | 39.67 | 42.14 | OK | |
| r-release-linux-x86_64 | 0.1.0 | 2.48 | 39.56 | 42.04 | OK | |
| r-release-macos-arm64 | 0.1.0 | 1.00 | 37.00 | 38.00 | OK | |
| r-release-macos-x86_64 | 0.1.0 | 2.00 | 51.00 | 53.00 | OK | |
| r-release-windows-x86_64 | 0.1.0 | 4.00 | 118.00 | 122.00 | OK | |
| r-oldrel-macos-arm64 | 0.1.0 | 1.00 | 26.00 | 27.00 | NOTE | |
| r-oldrel-macos-x86_64 | 0.1.0 | 2.00 | 43.00 | 45.00 | NOTE | |
| r-oldrel-windows-x86_64 | 0.1.0 | 5.00 | 112.00 | 117.00 | NOTE |
Version: 0.1.0
Check: LazyData
Result: NOTE
'LazyData' is specified without a 'data' directory
Flavors: r-oldrel-macos-arm64, r-oldrel-macos-x86_64, r-oldrel-windows-x86_64