Last updated on 2025-10-21 09:48:51 CEST.
Flavor | Version | Tinstall | Tcheck | Ttotal | Status | Flags |
---|---|---|---|---|---|---|
r-devel-linux-x86_64-debian-clang | 4.2 | 59.77 | 439.51 | 499.28 | OK | |
r-devel-linux-x86_64-debian-gcc | 4.2 | 35.50 | 279.13 | 314.63 | NOTE | |
r-devel-linux-x86_64-fedora-clang | 4.2 | 801.26 | NOTE | |||
r-devel-linux-x86_64-fedora-gcc | 4.2 | 749.69 | OK | |||
r-devel-windows-x86_64 | 4.2 | 52.00 | 362.00 | 414.00 | OK | |
r-patched-linux-x86_64 | 4.2 | 60.21 | 413.87 | 474.08 | OK | |
r-release-linux-x86_64 | 4.2 | 60.63 | 417.08 | 477.71 | OK | |
r-release-macos-arm64 | 4.2 | 182.00 | OK | |||
r-release-macos-x86_64 | 4.2 | 653.00 | OK | |||
r-release-windows-x86_64 | 4.2 | 61.00 | 365.00 | 426.00 | OK | |
r-oldrel-macos-arm64 | 4.2 | 193.00 | NOTE | |||
r-oldrel-macos-x86_64 | 4.2 | 612.00 | NOTE | |||
r-oldrel-windows-x86_64 | 4.2 | 82.00 | 482.00 | 564.00 | OK |
Version: 4.2
Check: HTML version of manual
Result: NOTE
Found the following HTML validation problems:
get_fact_levels_na.html:50:1 (get_fact_levels_na.Rd:12): Warning: missing </ul> before </div>
get_scale_defaults.html:66:1 (get_scale_defaults.Rd:20): Warning: missing </ul> before </div>
make_by_vars.html:54:1 (make_by_vars.Rd:14): Warning: missing </ul> before </div>
print.tm_element.html:54:1 (print.tm_element.Rd:15): Warning: missing </ul> before </div>
print.tmap.html:92:1 (print.tmap.Rd:39): Warning: missing </ul> before </div>
shapeTM.html:54:1 (shapeTM.Rd:14): Warning: missing </ul> before </div>
theme_ps.html:64:1 (theme_ps.Rd:21): Warning: missing </ul> before </div>
tm_extra_innner_margin.html:68:1 (tm_extra_innner_margin.Rd:32): Warning: missing </ul> before </div>
tm_iso.html:68:1 (tm_iso.Rd:24): Warning: missing </ul> before </div>
tm_plot.html:50:1 (tm_plot.Rd:12): Warning: missing </ul> before </div>
tm_plot_order.html:82:1 (tm_plot_order.Rd:38): Warning: missing </ul> before </div>
tm_scale_bar.html:95:1 (tm_scale_bar.Rd:35): Warning: missing </ul> before </div>
tm_vars.html:68:1 (tm_vars.Rd:24): Warning: missing </ul> before </div>
tm_xlab.html:80:1 (tm_xlab.Rd:29): Warning: missing </ul> before </div>
tmap-deprecated.html:58:1 (tmap-deprecated.Rd:20): Warning: missing </ul> before </div>
tmap-element.html:51:1 (tmap-element.Rd:13): Warning: missing </ul> before </div>
tmapAddLayerOptions.html:56:1 (tmapAddLayerOptions.Rd:16): Warning: missing </ul> before </div>
tmapGetShapeMeta1.html:50:1 (tmapGetShapeMeta1.Rd:12): Warning: missing </ul> before </div>
tmapGetShapeMeta2.html:54:1 (tmapGetShapeMeta2.Rd:14): Warning: missing </ul> before </div>
tmapGridLeaflet.html:850:1 (tmapGridLeaflet.Rd:827): Warning: missing </ul> before </div>
tmapMode.html:54:1 (tmapMode.Rd:14): Warning: missing </ul> before </div>
tmapShape.html:82:1 (tmapShape.Rd:28): Warning: missing </ul> before </div>
tmapSplitShp.html:51:1 (tmapSplitShp.Rd:12): Warning: missing </ul> before </div>
tmapSubmitOptions.html:50:1 (tmapSubmitOptions.Rd:12): Warning: missing </ul> before </div>
tmapSubsetShp.html:50:1 (tmapSubsetShp.Rd:12): Warning: missing </ul> before </div>
tmap_devel_mode.html:48:1 (tmap_devel_mode.Rd:11): Warning: missing </ul> before </div>
tmap_style_catalogue.html:52:1 (tmap_style_catalogue.Rd:15): Warning: missing </ul> before </div>
Flavors: r-devel-linux-x86_64-debian-gcc, r-devel-linux-x86_64-fedora-clang
Version: 4.2
Check: installed package size
Result: NOTE
installed size is 5.0Mb
sub-directories of 1Mb or more:
R 2.1Mb
data 2.0Mb
Flavors: r-oldrel-macos-arm64, r-oldrel-macos-x86_64