Last updated on 2025-10-25 09:49:48 CEST.
| Flavor | Version | Tinstall | Tcheck | Ttotal | Status | Flags |
|---|---|---|---|---|---|---|
| r-devel-linux-x86_64-debian-clang | 0.1.4 | 77.21 | 26.18 | 103.39 | OK | |
| r-devel-linux-x86_64-debian-gcc | 0.1.4 | 54.83 | 21.53 | 76.36 | OK | |
| r-devel-linux-x86_64-fedora-clang | 0.1.4 | 258.00 | -70.81 | 187.19 | OK | |
| r-devel-linux-x86_64-fedora-gcc | 0.1.4 | 126.00 | 66.23 | 192.23 | OK | |
| r-devel-windows-x86_64 | 0.1.4 | 74.00 | 66.00 | 140.00 | OK | |
| r-patched-linux-x86_64 | 0.1.4 | 83.65 | 25.10 | 108.75 | OK | |
| r-release-linux-x86_64 | 0.1.4 | 82.26 | 25.09 | 107.35 | OK | |
| r-release-macos-arm64 | 0.1.4 | 29.00 | 18.00 | 47.00 | OK | |
| r-release-macos-x86_64 | 0.1.4 | 79.00 | 37.00 | 116.00 | OK | |
| r-release-windows-x86_64 | 0.1.4 | 81.00 | 72.00 | 153.00 | OK | |
| r-oldrel-macos-arm64 | 0.1.4 | 30.00 | 23.00 | 53.00 | NOTE | |
| r-oldrel-macos-x86_64 | 0.1.4 | 69.00 | 37.00 | 106.00 | NOTE | |
| r-oldrel-windows-x86_64 | 0.1.4 | 82.00 | 80.00 | 162.00 | OK |
Version: 0.1.4
Check: installed package size
Result: NOTE
installed size is 6.1Mb
sub-directories of 1Mb or more:
libs 5.2Mb
Flavors: r-oldrel-macos-arm64, r-oldrel-macos-x86_64