Last updated on 2025-10-23 09:51:04 CEST.
| Flavor | Version | Tinstall | Tcheck | Ttotal | Status | Flags |
|---|---|---|---|---|---|---|
| r-devel-linux-x86_64-debian-clang | 1.0 | 1.84 | 20.76 | 22.60 | NOTE | |
| r-devel-linux-x86_64-debian-gcc | 1.0 | 1.40 | 17.30 | 18.70 | NOTE | |
| r-devel-linux-x86_64-fedora-clang | 1.0 | 33.42 | OK | |||
| r-devel-linux-x86_64-fedora-gcc | 1.0 | 31.79 | OK | |||
| r-devel-windows-x86_64 | 1.0 | 3.00 | 41.00 | 44.00 | OK | |
| r-patched-linux-x86_64 | 1.0 | 2.01 | 19.40 | 21.41 | OK | |
| r-release-linux-x86_64 | 1.0 | 1.92 | 19.47 | 21.39 | OK | |
| r-release-macos-arm64 | 1.0 | 2.00 | 29.00 | 31.00 | OK | |
| r-release-macos-x86_64 | 1.0 | 2.00 | 35.00 | 37.00 | OK | |
| r-release-windows-x86_64 | 1.0 | 4.00 | 42.00 | 46.00 | OK | |
| r-oldrel-macos-arm64 | 1.0 | 1.00 | 25.00 | 26.00 | OK | |
| r-oldrel-macos-x86_64 | 1.0 | 2.00 | 29.00 | 31.00 | OK | |
| r-oldrel-windows-x86_64 | 1.0 | 5.00 | 47.00 | 52.00 | OK |
Version: 1.0
Check: CRAN incoming feasibility
Result: NOTE
Maintainer: ‘Linus Seelinger <mail@linusseelinger.de>’
The BugReports field in DESCRIPTION has
https://github.com/um-bridge
which should likely be
https://github.com/um-bridge/issues
instead.
Flavors: r-devel-linux-x86_64-debian-clang, r-devel-linux-x86_64-debian-gcc