Last updated on 2025-10-25 09:49:49 CEST.
| Flavor | Version | Tinstall | Tcheck | Ttotal | Status | Flags |
|---|---|---|---|---|---|---|
| r-devel-linux-x86_64-debian-clang | 1.0.3 | 24.79 | 197.75 | 222.54 | OK | |
| r-devel-linux-x86_64-debian-gcc | 1.0.3 | 14.70 | 143.08 | 157.78 | OK | |
| r-devel-linux-x86_64-fedora-clang | 1.0.3 | 115.00 | 240.69 | 355.69 | OK | |
| r-devel-linux-x86_64-fedora-gcc | 1.0.3 | 48.00 | 284.06 | 332.06 | OK | |
| r-devel-windows-x86_64 | 1.0.3 | 24.00 | 186.00 | 210.00 | OK | |
| r-patched-linux-x86_64 | 1.0.3 | 22.62 | 186.29 | 208.91 | OK | |
| r-release-linux-x86_64 | 1.0.3 | 23.83 | 186.54 | 210.37 | OK | |
| r-release-macos-arm64 | 1.0.3 | 8.00 | 88.00 | 96.00 | OK | |
| r-release-macos-x86_64 | 1.0.3 | 21.00 | 230.00 | 251.00 | OK | |
| r-release-windows-x86_64 | 1.0.3 | 26.00 | 189.00 | 215.00 | OK | |
| r-oldrel-macos-arm64 | 1.0.3 | 8.00 | 93.00 | 101.00 | NOTE | |
| r-oldrel-macos-x86_64 | 1.0.3 | 28.00 | 299.00 | 327.00 | NOTE | |
| r-oldrel-windows-x86_64 | 1.0.3 | 34.00 | 238.00 | 272.00 | NOTE |
Version: 1.0.3
Check: package dependencies
Result: NOTE
Package suggested but not available for checking: ‘INLA’
Flavors: r-oldrel-macos-arm64, r-oldrel-macos-x86_64
Version: 1.0.3
Check: installed package size
Result: NOTE
installed size is 10.6Mb
sub-directories of 1Mb or more:
doc 9.5Mb
Flavors: r-oldrel-macos-arm64, r-oldrel-macos-x86_64, r-oldrel-windows-x86_64