Last updated on 2025-10-22 09:50:57 CEST.
Flavor | Version | Tinstall | Tcheck | Ttotal | Status | Flags |
---|---|---|---|---|---|---|
r-devel-linux-x86_64-debian-clang | 1.0.0 | 19.10 | 202.42 | 221.52 | NOTE | |
r-devel-linux-x86_64-debian-gcc | 1.0.0 | 15.40 | 138.48 | 153.88 | NOTE | |
r-devel-linux-x86_64-fedora-clang | 1.0.0 | 108.00 | 265.45 | 373.45 | NOTE | |
r-devel-linux-x86_64-fedora-gcc | 1.0.0 | 37.00 | 297.53 | 334.53 | NOTE | |
r-devel-windows-x86_64 | 1.0.0 | 21.00 | 195.00 | 216.00 | NOTE | |
r-patched-linux-x86_64 | 1.0.0 | 17.40 | 191.58 | 208.98 | NOTE | |
r-release-linux-x86_64 | 1.0.0 | 19.02 | 192.05 | 211.07 | NOTE | |
r-release-macos-arm64 | 1.0.0 | 7.00 | 83.00 | 90.00 | NOTE | |
r-release-macos-x86_64 | 1.0.0 | 14.00 | 173.00 | 187.00 | NOTE | |
r-release-windows-x86_64 | 1.0.0 | 20.00 | 196.00 | 216.00 | NOTE | |
r-oldrel-macos-arm64 | 1.0.0 | 8.00 | 77.00 | 85.00 | NOTE | |
r-oldrel-macos-x86_64 | 1.0.0 | 15.00 | 133.00 | 148.00 | NOTE | |
r-oldrel-windows-x86_64 | 1.0.0 | 28.00 | 257.00 | 285.00 | NOTE |
Version: 1.0.0
Check: Rd files
Result: NOTE
checkRd: (-1) compdesc.Rd:24: Lost braces in \itemize; \value handles \item{}{} directly
checkRd: (-1) compdesc.Rd:25: Lost braces in \itemize; \value handles \item{}{} directly
checkRd: (-1) compdesc.Rd:26: Lost braces in \itemize; \value handles \item{}{} directly
checkRd: (-1) compdesc.Rd:27: Lost braces in \itemize; \value handles \item{}{} directly
checkRd: (-1) compdesc.Rd:28: Lost braces in \itemize; \value handles \item{}{} directly
checkRd: (-1) compdesc.Rd:29: Lost braces in \itemize; \value handles \item{}{} directly
checkRd: (-1) compdesc.Rd:30: Lost braces in \itemize; \value handles \item{}{} directly
checkRd: (-1) compdesc.Rd:31: Lost braces in \itemize; \value handles \item{}{} directly
checkRd: (-1) compdesc.Rd:32: Lost braces in \itemize; \value handles \item{}{} directly
Flavors: r-devel-linux-x86_64-debian-clang, r-devel-linux-x86_64-debian-gcc, r-devel-linux-x86_64-fedora-clang, r-devel-linux-x86_64-fedora-gcc, r-devel-windows-x86_64, r-patched-linux-x86_64, r-release-linux-x86_64, r-release-macos-arm64, r-release-macos-x86_64, r-release-windows-x86_64, r-oldrel-macos-arm64, r-oldrel-macos-x86_64, r-oldrel-windows-x86_64