Last updated on 2025-10-22 09:50:58 CEST.
Flavor | Version | Tinstall | Tcheck | Ttotal | Status | Flags |
---|---|---|---|---|---|---|
r-devel-linux-x86_64-debian-clang | 0.2.3 | 15.52 | 101.03 | 116.55 | NOTE | |
r-devel-linux-x86_64-debian-gcc | 0.2.3 | 10.61 | 70.17 | 80.78 | NOTE | |
r-devel-linux-x86_64-fedora-clang | 0.2.3 | 123.00 | 59.18 | 182.18 | NOTE | |
r-devel-linux-x86_64-fedora-gcc | 0.2.3 | 28.00 | 145.52 | 173.52 | NOTE | |
r-devel-windows-x86_64 | 0.2.3 | 22.00 | 108.00 | 130.00 | NOTE | |
r-patched-linux-x86_64 | 0.2.3 | 15.04 | 92.08 | 107.12 | NOTE | |
r-release-linux-x86_64 | 0.2.3 | 13.98 | 91.35 | 105.33 | NOTE | |
r-release-macos-arm64 | 0.2.3 | 5.00 | 41.00 | 46.00 | OK | |
r-release-macos-x86_64 | 0.2.3 | 12.00 | 90.00 | 102.00 | OK | |
r-release-windows-x86_64 | 0.2.3 | 24.00 | 109.00 | 133.00 | NOTE | |
r-oldrel-macos-arm64 | 0.2.3 | 6.00 | 43.00 | 49.00 | NOTE | |
r-oldrel-macos-x86_64 | 0.2.3 | 9.00 | 68.00 | 77.00 | NOTE | |
r-oldrel-windows-x86_64 | 0.2.3 | 27.00 | 135.00 | 162.00 | NOTE |
Version: 0.2.3
Check: Rd cross-references
Result: NOTE
Found the following Rd file(s) with Rd \link{} targets missing package
anchors:
ctd_cast.Rd: ctdFindProfiles
vpr_manual_classification.Rd: image_scale
Please provide package anchors for all Rd \link{} targets not in the
package itself and the base packages.
Flavors: r-devel-linux-x86_64-debian-clang, r-devel-linux-x86_64-debian-gcc, r-devel-windows-x86_64, r-patched-linux-x86_64, r-release-linux-x86_64, r-release-windows-x86_64
Version: 0.2.3
Check: HTML version of manual
Result: NOTE
Found the following HTML validation problems:
insertRow.html:56:1 (insertRow.Rd:15): Warning: missing </ul> before </div>
vp_plot_unkn.html:64:1 (vp_plot_unkn.Rd:19): Warning: missing </ul> before </div>
vpr_img_category.html:78:1 (vpr_img_category.Rd:32): Warning: missing </ul> before </div>
vpr_img_check.html:55:1 (vpr_img_check.Rd:17): Warning: missing </ul> before </div>
vpr_img_copy.html:60:1 (vpr_img_copy.Rd:16): Warning: missing </ul> before </div>
vpr_img_depth.html:67:1 (vpr_img_depth.Rd:22): Warning: missing </ul> before </div>
vpr_trrois_size.html:56:1 (vpr_trrois_size.Rd:14): Warning: missing </ul> before </div>
Flavors: r-devel-linux-x86_64-debian-clang, r-devel-linux-x86_64-debian-gcc
Version: 0.2.3
Check: dependencies in R code
Result: NOTE
Namespace in Imports field not imported from: ‘usethis’
All declared Imports should be used.
Flavors: r-devel-linux-x86_64-fedora-clang, r-devel-linux-x86_64-fedora-gcc
Version: 0.2.3
Check: installed package size
Result: NOTE
installed size is 9.7Mb
sub-directories of 1Mb or more:
extdata 8.4Mb
Flavors: r-oldrel-macos-arm64, r-oldrel-macos-x86_64, r-oldrel-windows-x86_64