CRAN Package Check Results for Package wbwdi

Last updated on 2025-10-25 09:49:50 CEST.

Flavor Version Tinstall Tcheck Ttotal Status Flags
r-devel-linux-x86_64-debian-clang 1.0.1 4.91 52.31 57.22 ERROR
r-devel-linux-x86_64-debian-gcc 1.0.1 3.66 39.11 42.77 ERROR
r-devel-linux-x86_64-fedora-clang 1.0.1 14.00 59.71 73.71 ERROR
r-devel-linux-x86_64-fedora-gcc 1.0.1 33.00 66.58 99.58 ERROR
r-devel-windows-x86_64 1.0.1 6.00 73.00 79.00 OK
r-patched-linux-x86_64 1.0.1 4.82 47.35 52.17 ERROR
r-release-linux-x86_64 1.0.1 4.31 47.65 51.96 OK
r-release-macos-arm64 1.0.1 2.00 35.00 37.00 OK
r-release-macos-x86_64 1.0.1 4.00 69.00 73.00 OK
r-release-windows-x86_64 1.0.1 9.00 75.00 84.00 OK
r-oldrel-macos-arm64 1.0.1 2.00 39.00 41.00 OK
r-oldrel-macos-x86_64 1.0.1 4.00 65.00 69.00 OK
r-oldrel-windows-x86_64 1.0.1 10.00 88.00 98.00 OK

Additional issues

M1mac

Check Details

Version: 1.0.1
Check: examples
Result: ERROR Running examples in ‘wbwdi-Ex.R’ failed The error most likely occurred in: > base::assign(".ptime", proc.time(), pos = "CheckExEnv") > ### Name: wdi_get_sources > ### Title: Download data sources from the World Bank API > ### Aliases: wdi_get_sources > > ### ** Examples > > ## Don't show: > if (curl::has_internet()) (if (getRversion() >= "3.4") withAutoprint else force)({ # examplesIf + ## End(Don't show) + # Download all available data sources in English + wdi_get_sources() + ## Don't show: + }) # examplesIf > wdi_get_sources() Error in `req_perform()`: ! HTTP 400 Bad Request. Backtrace: ▆ 1. ├─(if (getRversion() >= "3.4") withAutoprint else force)(...) 2. │ └─base::source(...) 3. │ ├─base::withVisible(eval(ei, envir)) 4. │ └─base::eval(ei, envir) 5. │ └─base::eval(ei, envir) 6. └─wbwdi::wdi_get_sources() 7. └─wbwdi:::perform_request("sources", language) 8. └─httr2::req_perform(req) 9. └─httr2:::handle_resp(req, resp, error_call = error_call) 10. └─httr2:::resp_failure_cnd(req, resp, error_call = error_call) 11. ├─rlang::catch_cnd(...) 12. │ ├─rlang::eval_bare(...) 13. │ ├─base::tryCatch(...) 14. │ │ └─base (local) tryCatchList(expr, classes, parentenv, handlers) 15. │ │ └─base (local) tryCatchOne(expr, names, parentenv, handlers[[1L]]) 16. │ │ └─base (local) doTryCatch(return(expr), name, parentenv, handler) 17. │ └─base::force(expr) 18. └─rlang::abort(...) Execution halted Flavors: r-devel-linux-x86_64-debian-clang, r-devel-linux-x86_64-debian-gcc, r-patched-linux-x86_64

Version: 1.0.1
Check: examples
Result: ERROR Running examples in ‘wbwdi-Ex.R’ failed The error most likely occurred in: > ### Name: wdi_get_sources > ### Title: Download data sources from the World Bank API > ### Aliases: wdi_get_sources > > ### ** Examples > > ## Don't show: > if (curl::has_internet()) (if (getRversion() >= "3.4") withAutoprint else force)({ # examplesIf + ## End(Don't show) + # Download all available data sources in English + wdi_get_sources() + ## Don't show: + }) # examplesIf > wdi_get_sources() Error in `req_perform()`: ! HTTP 400 Bad Request. Backtrace: ▆ 1. ├─(if (getRversion() >= "3.4") withAutoprint else force)(...) 2. │ └─base::source(...) 3. │ ├─base::withVisible(eval(ei, envir)) 4. │ └─base::eval(ei, envir) 5. │ └─base::eval(ei, envir) 6. └─wbwdi::wdi_get_sources() 7. └─wbwdi:::perform_request("sources", language) 8. └─httr2::req_perform(req) 9. └─httr2:::handle_resp(req, resp, error_call = error_call) 10. └─httr2:::resp_failure_cnd(req, resp, error_call = error_call) 11. ├─rlang::catch_cnd(...) 12. │ ├─rlang::eval_bare(...) 13. │ ├─base::tryCatch(...) 14. │ │ └─base (local) tryCatchList(expr, classes, parentenv, handlers) 15. │ │ └─base (local) tryCatchOne(expr, names, parentenv, handlers[[1L]]) 16. │ │ └─base (local) doTryCatch(return(expr), name, parentenv, handler) 17. │ └─base::force(expr) 18. └─rlang::abort(...) Execution halted Flavors: r-devel-linux-x86_64-fedora-clang, r-devel-linux-x86_64-fedora-gcc