Last updated on 2025-10-25 09:49:50 CEST.
| Flavor | Version | Tinstall | Tcheck | Ttotal | Status | Flags |
|---|---|---|---|---|---|---|
| r-devel-linux-x86_64-debian-clang | 1.9.1 | 14.38 | 74.59 | 88.97 | OK | |
| r-devel-linux-x86_64-debian-gcc | 1.9.1 | 9.76 | 54.18 | 63.94 | OK | |
| r-devel-linux-x86_64-fedora-clang | 1.9.1 | 62.00 | 80.18 | 142.18 | OK | |
| r-devel-linux-x86_64-fedora-gcc | 1.9.1 | 31.00 | 99.95 | 130.95 | OK | |
| r-devel-windows-x86_64 | 1.9.1 | 17.00 | 82.00 | 99.00 | OK | |
| r-patched-linux-x86_64 | 1.9.1 | 15.27 | 71.18 | 86.45 | OK | |
| r-release-linux-x86_64 | 1.9.1 | 13.08 | 71.81 | 84.89 | OK | |
| r-release-macos-arm64 | 1.9.1 | 8.00 | 36.00 | 44.00 | OK | |
| r-release-macos-x86_64 | 1.9.1 | 20.00 | 64.00 | 84.00 | OK | |
| r-release-windows-x86_64 | 1.9.1 | 17.00 | 83.00 | 100.00 | OK | |
| r-oldrel-macos-arm64 | 1.9.1 | 7.00 | 33.00 | 40.00 | NOTE | |
| r-oldrel-macos-x86_64 | 1.9.1 | 11.00 | 46.00 | 57.00 | NOTE | |
| r-oldrel-windows-x86_64 | 1.9.1 | 22.00 | 104.00 | 126.00 | NOTE |
Version: 1.9.1
Check: LazyData
Result: NOTE
'LazyData' is specified without a 'data' directory
Flavors: r-oldrel-macos-arm64, r-oldrel-macos-x86_64, r-oldrel-windows-x86_64