Last updated on 2025-10-21 09:48:52 CEST.
Flavor | Version | Tinstall | Tcheck | Ttotal | Status | Flags |
---|---|---|---|---|---|---|
r-devel-linux-x86_64-debian-clang | 0.2.0 | 5.32 | 63.69 | 69.01 | OK | |
r-devel-linux-x86_64-debian-gcc | 0.2.0 | 3.46 | 47.58 | 51.04 | NOTE | |
r-devel-linux-x86_64-fedora-clang | 0.2.0 | 99.79 | OK | |||
r-devel-linux-x86_64-fedora-gcc | 0.2.0 | 105.05 | OK | |||
r-devel-windows-x86_64 | 0.2.0 | 7.00 | 74.00 | 81.00 | OK | |
r-patched-linux-x86_64 | 0.2.0 | 5.46 | 60.48 | 65.94 | OK | |
r-release-linux-x86_64 | 0.2.0 | 4.04 | 60.31 | 64.35 | OK | |
r-release-macos-arm64 | 0.2.0 | 34.00 | OK | |||
r-release-macos-x86_64 | 0.2.0 | 60.00 | OK | |||
r-release-windows-x86_64 | 0.2.0 | 6.00 | 74.00 | 80.00 | OK | |
r-oldrel-macos-arm64 | 0.2.0 | 31.00 | OK | |||
r-oldrel-macos-x86_64 | 0.2.0 | 47.00 | OK | |||
r-oldrel-windows-x86_64 | 0.2.0 | 8.00 | 85.00 | 93.00 | OK |
Version: 0.2.0
Check: HTML version of manual
Result: NOTE
Found the following HTML validation problems:
Resolve.html:50:1 (Resolve.Rd:12): Warning: missing </ul> before </div>
print.WGrob.html:63:1 (print.WGrob.Rd:18): Warning: missing </ul> before </div>
print.WGroup.html:63:1 (print.WGroup.Rd:18): Warning: missing </ul> before </div>
Flavor: r-devel-linux-x86_64-debian-gcc