Last updated on 2025-10-24 09:50:24 CEST.
| Flavor | Version | Tinstall | Tcheck | Ttotal | Status | Flags |
|---|---|---|---|---|---|---|
| r-devel-linux-x86_64-debian-clang | 1.1.1 | 2.01 | 23.98 | 25.99 | NOTE | |
| r-devel-linux-x86_64-debian-gcc | 1.1.1 | 1.46 | 19.34 | 20.80 | OK | |
| r-devel-linux-x86_64-fedora-clang | 1.1.1 | 37.75 | OK | |||
| r-devel-linux-x86_64-fedora-gcc | 1.1.1 | 34.82 | OK | |||
| r-devel-windows-x86_64 | 1.1.1 | 4.00 | 43.00 | 47.00 | OK | |
| r-patched-linux-x86_64 | 1.1.1 | 2.06 | 21.71 | 23.77 | OK | |
| r-release-linux-x86_64 | 1.1.1 | 1.99 | 21.49 | 23.48 | OK | |
| r-release-macos-arm64 | 1.1.1 | 1.00 | 17.00 | 18.00 | OK | |
| r-release-macos-x86_64 | 1.1.1 | 2.00 | 26.00 | 28.00 | OK | |
| r-release-windows-x86_64 | 1.1.1 | 4.00 | 45.00 | 49.00 | OK | |
| r-oldrel-macos-arm64 | 1.1.1 | 1.00 | 14.00 | 15.00 | OK | |
| r-oldrel-macos-x86_64 | 1.1.1 | 2.00 | 21.00 | 23.00 | OK | |
| r-oldrel-windows-x86_64 | 1.1.1 | 6.00 | 48.00 | 54.00 | OK |
Version: 1.1.1
Check: HTML version of manual
Result: NOTE
Found the following HTML validation problems:
dot-CalculateGeocentricFieldSum.html:67:1 (dot-CalculateGeocentricFieldSum.Rd:21): Warning: missing </ul> before </div>
dot-CheckVersionWMM.html:50:1 (dot-CheckVersionWMM.Rd:12): Warning: missing </ul> before </div>
Flavor: r-devel-linux-x86_64-debian-clang