CRAN Package Check Results for Package womblR

Last updated on 2025-07-22 09:50:49 CEST.

Flavor Version Tinstall Tcheck Ttotal Status Flags
r-devel-linux-x86_64-debian-clang 1.0.5 169.95 218.02 387.97 NOTE
r-devel-linux-x86_64-debian-gcc 1.0.5 113.68 132.06 245.74 NOTE
r-devel-linux-x86_64-fedora-clang 1.0.5 671.75 OK
r-devel-linux-x86_64-fedora-gcc 1.0.5 618.86 OK
r-devel-windows-x86_64 1.0.5 190.00 202.00 392.00 OK
r-patched-linux-x86_64 1.0.5 159.69 197.73 357.42 OK
r-release-linux-x86_64 1.0.5 159.56 197.61 357.17 OK
r-release-macos-arm64 1.0.5 196.00 OK
r-release-macos-x86_64 1.0.5 274.00 OK
r-release-windows-x86_64 1.0.5 183.00 210.00 393.00 OK
r-oldrel-macos-arm64 1.0.5 181.00 NOTE
r-oldrel-macos-x86_64 1.0.5 213.00 NOTE
r-oldrel-windows-x86_64 1.0.5 218.00 319.00 537.00 OK

Check Details

Version: 1.0.5
Check: CRAN incoming feasibility
Result: NOTE Maintainer: ‘Samuel I. Berchuck <sib2@duke.edu>’ The Description field contains Berchuck et al (2018), <arXiv:1805.11636>. The paper is in press at the Please refer to arXiv e-prints via their arXiv DOI <doi:10.48550/arXiv.YYMM.NNNNN>. Flavors: r-devel-linux-x86_64-debian-clang, r-devel-linux-x86_64-debian-gcc

Version: 1.0.5
Check: installed package size
Result: NOTE installed size is 8.7Mb sub-directories of 1Mb or more: libs 7.9Mb Flavors: r-oldrel-macos-arm64, r-oldrel-macos-x86_64