Last updated on 2025-10-26 08:49:07 CET.
| Flavor | Version | Tinstall | Tcheck | Ttotal | Status | Flags | 
|---|---|---|---|---|---|---|
| r-devel-linux-x86_64-debian-clang | 0.0.42 | 18.29 | 123.58 | 141.87 | NOTE | |
| r-devel-linux-x86_64-debian-gcc | 0.0.42 | 13.48 | 75.78 | 89.26 | NOTE | |
| r-devel-linux-x86_64-fedora-clang | 0.0.42 | 94.00 | 132.00 | 226.00 | OK | |
| r-devel-linux-x86_64-fedora-gcc | 0.0.42 | 38.00 | 161.11 | 199.11 | OK | |
| r-devel-windows-x86_64 | 0.0.42 | 22.00 | 152.00 | 174.00 | OK | |
| r-patched-linux-x86_64 | 0.0.42 | 22.43 | 112.34 | 134.77 | OK | |
| r-release-linux-x86_64 | 0.0.42 | 19.96 | 111.68 | 131.64 | OK | |
| r-release-macos-arm64 | 0.0.42 | 8.00 | 37.00 | 45.00 | OK | |
| r-release-macos-x86_64 | 0.0.42 | 20.00 | 93.00 | 113.00 | OK | |
| r-release-windows-x86_64 | 0.0.42 | 23.00 | 157.00 | 180.00 | OK | |
| r-oldrel-macos-arm64 | 0.0.42 | 7.00 | 38.00 | 45.00 | OK | |
| r-oldrel-macos-x86_64 | 0.0.42 | 12.00 | 60.00 | 72.00 | OK | |
| r-oldrel-windows-x86_64 | 0.0.42 | 31.00 | 189.00 | 220.00 | OK | 
Version: 0.0.42
Check: CRAN incoming feasibility
Result: NOTE
  Maintainer: ‘Tinniam V Ganesh <tvganesh.85@gmail.com>’
  
  No Authors@R field in DESCRIPTION.
  Please add one, modifying
    Authors@R: person(given = c("Tinniam", "V"),
                      family = "Ganesh",
                      role = c("aut", "cre"),
                      email = "tvganesh.85@gmail.com")
  as necessary.
Flavors: r-devel-linux-x86_64-debian-clang, r-devel-linux-x86_64-debian-gcc